{"id":2,"date":"2025-06-07T14:36:29","date_gmt":"2025-06-07T12:36:29","guid":{"rendered":"http:\/\/reboosh.cluster100.hosting.ovh.net\/?page_id=2"},"modified":"2026-03-13T17:40:53","modified_gmt":"2026-03-13T16:40:53","slug":"hypnose","status":"publish","type":"page","link":"https:\/\/reboosthuman.fr\/index.php\/hypnose\/","title":{"rendered":"Hypnoth\u00e9rapie \/ Hypnose"},"content":{"rendered":"\t\t<div data-elementor-type=\"wp-page\" data-elementor-id=\"2\" class=\"elementor elementor-2\">\n\t\t\t\t<div class=\"elementor-element elementor-element-910325f e-flex e-con-boxed e-con e-parent\" data-id=\"910325f\" data-element_type=\"container\" data-e-type=\"container\">\n\t\t\t\t\t<div class=\"e-con-inner\">\n\t\t\t\t<div class=\"elementor-element elementor-element-6e2a669e elementor-widget elementor-widget-text-editor\" data-id=\"6e2a669e\" data-element_type=\"widget\" data-e-type=\"widget\" data-widget_type=\"text-editor.default\">\n\t\t\t\t<div class=\"elementor-widget-container\">\n\t\t\t\t\t\t\t\t\t<p class=\"p1\"><img fetchpriority=\"high\" decoding=\"async\" class=\"size-medium wp-image-232 alignleft\" src=\"http:\/\/reboosthuman.fr\/wp-content\/uploads\/2025\/10\/hypnoe-300x300.jpeg\" alt=\"\" width=\"300\" height=\"300\" srcset=\"https:\/\/reboosthuman.fr\/wp-content\/uploads\/2025\/10\/hypnoe-300x300.jpeg 300w, https:\/\/reboosthuman.fr\/wp-content\/uploads\/2025\/10\/hypnoe-150x150.jpeg 150w, https:\/\/reboosthuman.fr\/wp-content\/uploads\/2025\/10\/hypnoe-768x768.jpeg 768w, https:\/\/reboosthuman.fr\/wp-content\/uploads\/2025\/10\/hypnoe-600x600.jpeg 600w, https:\/\/reboosthuman.fr\/wp-content\/uploads\/2025\/10\/hypnoe-100x100.jpeg 100w, https:\/\/reboosthuman.fr\/wp-content\/uploads\/2025\/10\/hypnoe.jpeg 1024w\" sizes=\"(max-width: 300px) 100vw, 300px\" \/>\u00a0<b style=\"text-align: var(--text-align);\"><span style=\"color: #222439; font-family: var(--global-heading-font-family);\"><span style=\"font-size: 28px;\">Hypnose th\u00e9rapeutique \u00e0 <\/span><\/span><\/b><strong><span style=\"color: #222439; font-family: Playfair, serif;\"><span style=\"caret-color: #222439; font-size: 28px;\">Montb\u00e9liard<\/span><\/span><\/strong><b style=\"text-align: var(--text-align);\"><span style=\"color: #222439; font-family: var(--global-heading-font-family);\"><span style=\"font-size: 28px;\"> \/ Seloncourt : entre Ericksonienne et Classique<\/span><\/span><\/b><\/p>\n<p>\u00a0<\/p>\n<p class=\"p3\">L\u2019hypnose th\u00e9rapeutique que je pratique \u00e0 Montb\u00e9liard \/ Seloncourt est une approche douce et naturelle qui permet d\u2019acc\u00e9der \u00e0 vos ressources int\u00e9rieures pour d\u00e9passer des blocages, apaiser des \u00e9motions ou transformer certains comportements.<\/p>\n<p class=\"p3\">Dans ma pratique, je combine l\u2019hypnose ericksonienne et l\u2019hypnose classique afin d\u2019adapter chaque s\u00e9ance \u00e0 la personne et \u00e0 son objectif.<\/p>\n<p class=\"p1\">\u00a0<\/p>\n<h3><b>L\u2019hypnose Ericksonienne<\/b><\/h3>\n<p>\u00a0<\/p>\n<p class=\"p3\">Inspir\u00e9e du travail du psychiatre Milton Erickson, cette forme d\u2019hypnose utilise le langage, les m\u00e9taphores et la communication indirecte pour inviter l\u2019esprit \u00e0 se reconnecter \u00e0 ses propres solutions.<\/p>\n<p class=\"p3\">Elle respecte profond\u00e9ment le rythme et la personnalit\u00e9 de chacun : l\u2019inconscient devient un v\u00e9ritable alli\u00e9, au service du changement.<\/p>\n<p class=\"p3\">C\u2019est une approche particuli\u00e8rement adapt\u00e9e \u00e0 la gestion des \u00e9motions, au renforcement de la confiance en soi, \u00e0 la pr\u00e9paration mentale ou \u00e0 la r\u00e9solution de phobies et de blocages.<\/p>\n<p class=\"p1\">\u00a0<\/p>\n<h3><b>L\u2019hypnose Classique\u00a0<\/b><\/h3>\n<p><img decoding=\"async\" class=\"size-medium wp-image-225 alignright\" src=\"http:\/\/reboosthuman.fr\/wp-content\/uploads\/2025\/10\/09E73443-9648-4825-989A-62FBDC0DC014-300x300.jpeg\" alt=\"\" width=\"300\" height=\"300\" srcset=\"https:\/\/reboosthuman.fr\/wp-content\/uploads\/2025\/10\/09E73443-9648-4825-989A-62FBDC0DC014-300x300.jpeg 300w, https:\/\/reboosthuman.fr\/wp-content\/uploads\/2025\/10\/09E73443-9648-4825-989A-62FBDC0DC014-1024x1024.jpeg 1024w, https:\/\/reboosthuman.fr\/wp-content\/uploads\/2025\/10\/09E73443-9648-4825-989A-62FBDC0DC014-150x150.jpeg 150w, https:\/\/reboosthuman.fr\/wp-content\/uploads\/2025\/10\/09E73443-9648-4825-989A-62FBDC0DC014-768x768.jpeg 768w, https:\/\/reboosthuman.fr\/wp-content\/uploads\/2025\/10\/09E73443-9648-4825-989A-62FBDC0DC014-600x600.jpeg 600w, https:\/\/reboosthuman.fr\/wp-content\/uploads\/2025\/10\/09E73443-9648-4825-989A-62FBDC0DC014-100x100.jpeg 100w, https:\/\/reboosthuman.fr\/wp-content\/uploads\/2025\/10\/09E73443-9648-4825-989A-62FBDC0DC014.jpeg 1239w\" sizes=\"(max-width: 300px) 100vw, 300px\" \/><\/p>\n<p class=\"p3\">L\u2019hypnose dite \u00ab classique \u00bb est plus directe et structur\u00e9e. Elle repose sur des suggestions pr\u00e9cises pour agir efficacement sur les comportements r\u00e9p\u00e9titifs ou les automatismes, comme le tabac, les compulsions alimentaires, le sommeil ou la concentration.<\/p>\n<p class=\"p3\">Utilis\u00e9e avec respect et discernement, elle permet d\u2019obtenir des r\u00e9sultats rapides et concrets.<\/p>\n<p class=\"p1\">\u00a0<\/p>\n<h3><b>Mon approche : l\u2019alliance des deux<\/b><\/h3>\n<p>\u00a0<\/p>\n<p class=\"p3\">En combinant ces deux formes d\u2019hypnose, je propose des s\u00e9ances \u00e0 la fois profondes et pragmatiques.<\/p>\n<p class=\"p3\">La souplesse et la bienveillance de l\u2019hypnose ericksonienne s\u2019allient \u00e0 la puissance et la clart\u00e9 du classique, pour une approche sur mesure, centr\u00e9e sur la personne.<\/p>\n<p class=\"p3\">Mon but n\u2019est pas de vous \u00ab endormir \u00bb, mais de vous aider \u00e0 vous \u00ab r\u00e9veiller \u00bb \u00e0 vos propres ressources.<\/p>\n<p>L&rsquo;hypnose la plus compl\u00e8te sur Montb\u00e9liard \/ Seloncourt.<\/p>\n<p class=\"p1\">\u00a0<\/p>\n<h3><b>Pour quels types de probl\u00e9matiques ?<\/b><\/h3>\n<p>\u00a0<\/p>\n<p class=\"p3\">L\u2019hypnose peut accompagner de nombreuses situations : stress, anxi\u00e9t\u00e9, d\u00e9pendances, troubles du sommeil, manque de confiance, douleurs, pr\u00e9paration \u00e0 un changement de vie ou \u00e0 un examen, gestion d\u2019\u00e9motions intenses ou d\u2019un \u00e9v\u00e9nement difficile.<\/p>\n<p class=\"p3\">Chaque s\u00e9ance est unique et s\u2019adapte \u00e0 votre rythme et \u00e0 vos besoins.<\/p>\n<p class=\"p1\">\u00a0<\/p>\n<h3><b>D\u00e9roulement d\u2019une s\u00e9ance<\/b><\/h3>\n<p>\u00a0<\/p>\n<p class=\"p3\">Une s\u00e9ance dure environ une heure.<\/p>\n<p class=\"p3\">Elle commence par un \u00e9change bienveillant pour cerner votre objectif et comprendre votre fonctionnement.<\/p>\n<p class=\"p3\">Je vous guide ensuite vers un \u00e9tat de conscience modifi\u00e9, un moment de d\u00e9tente profonde o\u00f9 le mental se met au repos, permettant \u00e0 l\u2019inconscient de travailler et d\u2019int\u00e9grer les changements utiles.<\/p>\n<p class=\"p3\">Vous restez conscient(e) et pleinement acteur(trice) du processus.<\/p>\n<p class=\"p1\">\u00a0<\/p>\n<h3><b>Osez le changement<\/b><\/h3>\n<p>\u00a0<\/p>\n<p class=\"p3\">L\u2019hypnose est un formidable outil pour transformer durablement votre rapport \u00e0 vous-m\u00eame et \u00e0 votre vie.<\/p>\n<p class=\"p3\">Chaque s\u00e9ance est une rencontre avec votre inconscient, un espace o\u00f9 les solutions apparaissent naturellement.<\/p>\n<p class=\"p4\"><a href=\"https:\/\/reboosthuman.fr\/index.php\/contact\/\"><b>Prendre rendez-vous<\/b><\/a><span class=\"s2\"> ou <\/span><a href=\"https:\/\/reboosthuman.fr\/index.php\/contact\/\"><b>Me contacter<\/b><\/a><\/p>\t\t\t\t\t\t\t\t<\/div>\n\t\t\t\t<\/div>\n\t\t\t\t\t<\/div>\n\t\t\t\t<\/div>\n\t\t\t\t<\/div>\n\t\t","protected":false},"excerpt":{"rendered":"<p>\u00a0Hypnose th\u00e9rapeutique \u00e0 Montb\u00e9liard \/ Seloncourt : entre Ericksonienne et Classique L\u2019hypnose th\u00e9rapeutique que je pratique \u00e0 Montb\u00e9liard \/ Seloncourt est une approche douce et naturelle qui permet d\u2019acc\u00e9der \u00e0&#8230;<\/p>\n","protected":false},"author":1,"featured_media":0,"parent":0,"menu_order":0,"comment_status":"closed","ping_status":"open","template":"","meta":{"advanced_seo_description":"Hypnose hypnoth\u00e9rapie \u00e0 Seloncourt proche Montb\u00e9liard 12 ans d'exp\u00e9rience.","jetpack_seo_html_title":"Hypnose ericksonienne Hypnoth\u00e9rapeute Hypnoth\u00e9rapie Montb\u00e9liard Seloncourt","jetpack_seo_noindex":false,"_kadence_starter_templates_imported_post":false,"_kad_post_transparent":"","_kad_post_title":"","_kad_post_layout":"","_kad_post_sidebar_id":"","_kad_post_content_style":"","_kad_post_vertical_padding":"","_kad_post_feature":"","_kad_post_feature_position":"","_kad_post_header":false,"_kad_post_footer":false,"footnotes":""},"class_list":["post-2","page","type-page","status-publish","hentry"],"jetpack_sharing_enabled":true,"_links":{"self":[{"href":"https:\/\/reboosthuman.fr\/index.php\/wp-json\/wp\/v2\/pages\/2","targetHints":{"allow":["GET"]}}],"collection":[{"href":"https:\/\/reboosthuman.fr\/index.php\/wp-json\/wp\/v2\/pages"}],"about":[{"href":"https:\/\/reboosthuman.fr\/index.php\/wp-json\/wp\/v2\/types\/page"}],"author":[{"embeddable":true,"href":"https:\/\/reboosthuman.fr\/index.php\/wp-json\/wp\/v2\/users\/1"}],"replies":[{"embeddable":true,"href":"https:\/\/reboosthuman.fr\/index.php\/wp-json\/wp\/v2\/comments?post=2"}],"version-history":[{"count":7,"href":"https:\/\/reboosthuman.fr\/index.php\/wp-json\/wp\/v2\/pages\/2\/revisions"}],"predecessor-version":[{"id":266,"href":"https:\/\/reboosthuman.fr\/index.php\/wp-json\/wp\/v2\/pages\/2\/revisions\/266"}],"wp:attachment":[{"href":"https:\/\/reboosthuman.fr\/index.php\/wp-json\/wp\/v2\/media?parent=2"}],"curies":[{"name":"wp","href":"https:\/\/api.w.org\/{rel}","templated":true}]}}