{"id":282,"date":"2025-11-07T09:47:56","date_gmt":"2025-11-07T08:47:56","guid":{"rendered":"https:\/\/reboosthuman.fr\/?page_id=282"},"modified":"2025-11-07T09:56:07","modified_gmt":"2025-11-07T08:56:07","slug":"coaching","status":"publish","type":"page","link":"https:\/\/reboosthuman.fr\/index.php\/coaching\/","title":{"rendered":"Coaching"},"content":{"rendered":"\n<h1 class=\"wp-block-heading\"><strong>Le Coaching Individuel<\/strong> <\/h1>\n\n\n<div class=\"wp-block-image\">\n<figure class=\"alignleft size-large is-resized\"><img fetchpriority=\"high\" decoding=\"async\" width=\"1024\" height=\"683\" src=\"https:\/\/reboosthuman.fr\/wp-content\/uploads\/2025\/11\/image-1-1024x683.png\" alt=\"\" class=\"wp-image-286\" style=\"width:285px;height:auto\" srcset=\"https:\/\/reboosthuman.fr\/wp-content\/uploads\/2025\/11\/image-1-1024x683.png 1024w, https:\/\/reboosthuman.fr\/wp-content\/uploads\/2025\/11\/image-1-300x200.png 300w, https:\/\/reboosthuman.fr\/wp-content\/uploads\/2025\/11\/image-1-768x512.png 768w, https:\/\/reboosthuman.fr\/wp-content\/uploads\/2025\/11\/image-1-600x400.png 600w, https:\/\/reboosthuman.fr\/wp-content\/uploads\/2025\/11\/image-1.png 1536w\" sizes=\"(max-width: 1024px) 100vw, 1024px\" \/><\/figure>\n<\/div>\n\n\n<h2 class=\"wp-block-heading has-text-align-left\"><strong>Retrouver confiance, clart\u00e9 et \u00e9quilibre<\/strong><\/h2>\n\n\n\n<p>Le&nbsp;<strong>coaching individuel<\/strong>&nbsp;est un accompagnement personnalis\u00e9 qui vous aide \u00e0&nbsp;<strong>retrouver confiance en vous<\/strong>, \u00e0&nbsp;<strong>clarifier vos objectifs<\/strong>&nbsp;et \u00e0&nbsp;<strong>d\u00e9passer les blocages<\/strong>&nbsp;qui limitent votre \u00e9panouissement.<\/p>\n\n\n\n<p>C\u2019est un espace d\u2019\u00e9coute, de r\u00e9flexion et d\u2019action o\u00f9 vous apprenez \u00e0 mieux vous conna\u00eetre et \u00e0 mobiliser vos ressources int\u00e9rieures.<\/p>\n\n\n\n<p>Chaque s\u00e9ance est adapt\u00e9e \u00e0&nbsp;<strong>votre rythme<\/strong>,&nbsp;<strong>votre personnalit\u00e9<\/strong>&nbsp;et&nbsp;<strong>vos besoins du moment<\/strong>.<\/p>\n\n\n\n<h3 class=\"wp-block-heading\"><strong>Th\u00e9matiques fr\u00e9quemment abord\u00e9es :<\/strong><\/h3>\n\n\n\n<ul class=\"wp-block-list\">\n<li>Reprendre\u00a0<strong>confiance en soi<\/strong>\u00a0et renforcer l\u2019estime personnelle<\/li>\n\n\n\n<li>Clarifier un\u00a0<strong>projet de vie<\/strong>\u00a0ou une\u00a0<strong>reconversion<\/strong><\/li>\n\n\n\n<li>G\u00e9rer ses\u00a0<strong>\u00e9motions<\/strong>, son\u00a0<strong>stress<\/strong>\u00a0ou ses peurs<\/li>\n\n\n\n<li>Retrouver un\u00a0<strong>\u00e9quilibre personnel<\/strong>\u00a0apr\u00e8s une s\u00e9paration ou un changement<\/li>\n\n\n\n<li>Mieux se conna\u00eetre et apprendre \u00e0\u00a0<strong>s\u2019affirmer avec bienveillance<\/strong><\/li>\n<\/ul>\n\n\n\n<p>En tant que\u00a0<strong>Coach professionnel certifi\u00e9 RNCP (niveau 6)<\/strong>, j\u2019accompagne selon une m\u00e9thodologie reconnue et \u00e9thique.<\/p>\n\n\n\n<p>Form\u00e9 en\u00a0<strong>PNL<\/strong>\u00a0et\u00a0<strong>Ma\u00eetre Praticien \/ Enseignant<\/strong>, j\u2019int\u00e8gre des outils puissants de communication et de transformation pour vous aider \u00e0\u00a0<strong>ancrer durablement le changement<\/strong>.<\/p>\n\n\n\n<blockquote class=\"wp-block-quote is-layout-flow wp-block-quote-is-layout-flow\">\n<p><em>\u201cLes ressources dont vous avez besoin pour changer se trouvent d\u00e9j\u00e0 en vous.\u201d<\/em><\/p>\n<\/blockquote>\n\n\n\n<blockquote class=\"wp-block-quote is-layout-flow wp-block-quote-is-layout-flow\">\n<p>\u2014&nbsp;<strong>Milton H. Erickson<\/strong><\/p>\n<\/blockquote>\n\n\n\n<hr class=\"wp-block-separator has-alpha-channel-opacity\"\/>\n\n\n\n<h1 class=\"wp-block-heading\"><strong>Le Coaching Professionnel<\/strong><\/h1>\n\n\n<div class=\"wp-block-image\">\n<figure class=\"alignright size-full is-resized\"><img decoding=\"async\" width=\"1024\" height=\"1024\" src=\"https:\/\/reboosthuman.fr\/wp-content\/uploads\/2025\/11\/image2222.png\" alt=\"\" class=\"wp-image-287\" style=\"width:292px;height:auto\" srcset=\"https:\/\/reboosthuman.fr\/wp-content\/uploads\/2025\/11\/image2222.png 1024w, https:\/\/reboosthuman.fr\/wp-content\/uploads\/2025\/11\/image2222-300x300.png 300w, https:\/\/reboosthuman.fr\/wp-content\/uploads\/2025\/11\/image2222-150x150.png 150w, https:\/\/reboosthuman.fr\/wp-content\/uploads\/2025\/11\/image2222-768x768.png 768w, https:\/\/reboosthuman.fr\/wp-content\/uploads\/2025\/11\/image2222-600x600.png 600w, https:\/\/reboosthuman.fr\/wp-content\/uploads\/2025\/11\/image2222-100x100.png 100w\" sizes=\"(max-width: 1024px) 100vw, 1024px\" \/><\/figure>\n<\/div>\n\n\n<h2 class=\"wp-block-heading\"><strong>Aligner performance, sens et \u00e9quilibre<\/strong><\/h2>\n\n\n\n<p>Le&nbsp;<strong>coaching professionnel<\/strong>&nbsp;s\u2019adresse \u00e0 toute personne souhaitant&nbsp;<strong>\u00e9voluer dans sa carri\u00e8re<\/strong>,&nbsp;<strong>d\u00e9velopper son leadership<\/strong>, ou&nbsp;<strong>retrouver du sens<\/strong>&nbsp;dans son activit\u00e9.<\/p>\n\n\n\n<p>C\u2019est un accompagnement concret qui allie&nbsp;<strong>r\u00e9flexion strat\u00e9gique<\/strong>&nbsp;et&nbsp;<strong>mise en action<\/strong>.<\/p>\n\n\n\n<h3 class=\"wp-block-heading\"><strong>Objectifs possibles :<\/strong><\/h3>\n\n\n\n<ul class=\"wp-block-list\">\n<li>D\u00e9finir ou red\u00e9finir un\u00a0<strong>projet professionnel<\/strong>\u00a0clair et motivant<\/li>\n\n\n\n<li>D\u00e9velopper son\u00a0<strong>leadership<\/strong>\u00a0et sa\u00a0<strong>posture manag\u00e9riale<\/strong><\/li>\n\n\n\n<li>Mieux g\u00e9rer le\u00a0<strong>stress<\/strong>, la\u00a0<strong>charge mentale<\/strong>\u00a0ou la\u00a0<strong>pression<\/strong><\/li>\n\n\n\n<li>Renforcer la\u00a0<strong>communication<\/strong>\u00a0et l\u2019<strong>assertivit\u00e9<\/strong><\/li>\n\n\n\n<li>Retrouver\u00a0<strong>motivation et plaisir<\/strong>\u00a0au travail<\/li>\n<\/ul>\n\n\n\n<p>Gr\u00e2ce \u00e0 une approche combinant\u00a0<strong>coaching certifi\u00e9 RNCP<\/strong>\u00a0et\u00a0<strong>outils de PNL<\/strong> ainsi que mon exp\u00e9rience de manager, directeur, vous apprenez \u00e0\u00a0<strong>mobiliser vos ressources<\/strong>pour avancer avec plus de\u00a0<strong>confiance, coh\u00e9rence et efficacit\u00e9<\/strong>.<\/p>\n\n\n\n<p>Chaque accompagnement vise \u00e0 cr\u00e9er un&nbsp;<strong>alignement profond entre vos valeurs, vos besoins et vos actions<\/strong>.<\/p>\n\n\n\n<hr class=\"wp-block-separator has-alpha-channel-opacity\"\/>\n\n\n\n<h1 class=\"wp-block-heading\"><strong>Le Coaching d\u2019\u00c9quipe<\/strong><\/h1>\n\n\n<div class=\"wp-block-image\">\n<figure class=\"alignleft size-large is-resized\"><img decoding=\"async\" width=\"1024\" height=\"683\" src=\"https:\/\/reboosthuman.fr\/wp-content\/uploads\/2025\/11\/image33-1024x683.png\" alt=\"\" class=\"wp-image-288\" style=\"width:353px;height:auto\" srcset=\"https:\/\/reboosthuman.fr\/wp-content\/uploads\/2025\/11\/image33-1024x683.png 1024w, https:\/\/reboosthuman.fr\/wp-content\/uploads\/2025\/11\/image33-300x200.png 300w, https:\/\/reboosthuman.fr\/wp-content\/uploads\/2025\/11\/image33-768x512.png 768w, https:\/\/reboosthuman.fr\/wp-content\/uploads\/2025\/11\/image33-600x400.png 600w, https:\/\/reboosthuman.fr\/wp-content\/uploads\/2025\/11\/image33.png 1536w\" sizes=\"(max-width: 1024px) 100vw, 1024px\" \/><\/figure>\n<\/div>\n\n\n<h2 class=\"wp-block-heading\"><strong>Renforcer la coh\u00e9sion et la performance collective<\/strong><\/h2>\n\n\n\n<p>Le&nbsp;<strong>coaching d\u2019\u00e9quipe<\/strong>&nbsp;favorise la&nbsp;<strong>coh\u00e9sion<\/strong>, la&nbsp;<strong>communication<\/strong>&nbsp;et l\u2019<strong>intelligence collective<\/strong>&nbsp;au sein d\u2019un groupe.<\/p>\n\n\n\n<p>Il s\u2019adresse aux&nbsp;<strong>entreprises<\/strong>,&nbsp;<strong>associations<\/strong>&nbsp;ou&nbsp;<strong>collectifs<\/strong>&nbsp;qui souhaitent renforcer la&nbsp;<strong>synergie<\/strong>&nbsp;et am\u00e9liorer le&nbsp;<strong>fonctionnement global<\/strong>&nbsp;de leur \u00e9quipe.<\/p>\n\n\n\n<h3 class=\"wp-block-heading\"><strong>Objectifs fr\u00e9quents :<\/strong><\/h3>\n\n\n\n<ul class=\"wp-block-list\">\n<li>Am\u00e9liorer la\u00a0<strong>communication interne<\/strong>\u00a0et la\u00a0<strong>confiance mutuelle<\/strong><\/li>\n\n\n\n<li>Clarifier les\u00a0<strong>r\u00f4les<\/strong>, la\u00a0<strong>vision<\/strong>\u00a0et les\u00a0<strong>valeurs communes<\/strong><\/li>\n\n\n\n<li>G\u00e9rer les\u00a0<strong>conflits<\/strong>\u00a0et restaurer un climat de\u00a0<strong>coop\u00e9ration<\/strong><\/li>\n\n\n\n<li>D\u00e9velopper la\u00a0<strong>motivation<\/strong>\u00a0et l\u2019<strong>engagement collectif<\/strong><\/li>\n\n\n\n<li>Accompagner un\u00a0<strong>changement d\u2019organisation<\/strong>\u00a0ou une\u00a0<strong>restructuration<\/strong><\/li>\n<\/ul>\n\n\n\n<p>Chaque accompagnement est\u00a0<strong>construit sur mesure<\/strong>, en fonction de la culture, des besoins et des enjeux sp\u00e9cifiques de votre \u00e9quipe, \u00e9tant manager, directeur d&rsquo;\u00e9quipe actuellement de 80 collaborateurs je peux intervenir avec cr\u00e9dibilit\u00e9.<\/p>\n\n\n\n<p>L\u2019objectif :&nbsp;<strong>faire \u00e9merger la meilleure version du collectif<\/strong>&nbsp;tout en respectant la singularit\u00e9 de chacun.<\/p>\n\n\n\n<p><\/p>\n","protected":false},"excerpt":{"rendered":"<p>Le Coaching Individuel Retrouver confiance, clart\u00e9 et \u00e9quilibre Le&nbsp;coaching individuel&nbsp;est un accompagnement personnalis\u00e9 qui vous aide \u00e0&nbsp;retrouver confiance en vous, \u00e0&nbsp;clarifier vos objectifs&nbsp;et \u00e0&nbsp;d\u00e9passer les blocages&nbsp;qui limitent votre \u00e9panouissement. C\u2019est&#8230;<\/p>\n","protected":false},"author":1,"featured_media":0,"parent":0,"menu_order":0,"comment_status":"closed","ping_status":"closed","template":"","meta":{"advanced_seo_description":"Coaching, coach certifi\u00e9 rncp \u00e0 Montb\u00e9liard. Inidivuel ? Equipe ? Un coach formateur pr\u00eat \u00e0 vous accompagner.","jetpack_seo_html_title":"coaching Montb\u00e9liard, Seloncourt","jetpack_seo_noindex":false,"_kadence_starter_templates_imported_post":false,"_kad_post_transparent":"","_kad_post_title":"","_kad_post_layout":"","_kad_post_sidebar_id":"","_kad_post_content_style":"","_kad_post_vertical_padding":"","_kad_post_feature":"","_kad_post_feature_position":"","_kad_post_header":false,"_kad_post_footer":false,"footnotes":""},"class_list":["post-282","page","type-page","status-publish","hentry"],"jetpack_sharing_enabled":true,"_links":{"self":[{"href":"https:\/\/reboosthuman.fr\/index.php\/wp-json\/wp\/v2\/pages\/282","targetHints":{"allow":["GET"]}}],"collection":[{"href":"https:\/\/reboosthuman.fr\/index.php\/wp-json\/wp\/v2\/pages"}],"about":[{"href":"https:\/\/reboosthuman.fr\/index.php\/wp-json\/wp\/v2\/types\/page"}],"author":[{"embeddable":true,"href":"https:\/\/reboosthuman.fr\/index.php\/wp-json\/wp\/v2\/users\/1"}],"replies":[{"embeddable":true,"href":"https:\/\/reboosthuman.fr\/index.php\/wp-json\/wp\/v2\/comments?post=282"}],"version-history":[{"count":2,"href":"https:\/\/reboosthuman.fr\/index.php\/wp-json\/wp\/v2\/pages\/282\/revisions"}],"predecessor-version":[{"id":289,"href":"https:\/\/reboosthuman.fr\/index.php\/wp-json\/wp\/v2\/pages\/282\/revisions\/289"}],"wp:attachment":[{"href":"https:\/\/reboosthuman.fr\/index.php\/wp-json\/wp\/v2\/media?parent=282"}],"curies":[{"name":"wp","href":"https:\/\/api.w.org\/{rel}","templated":true}]}}